 = 5*i**2 - 32*i + 46. Let n be a(3). Determine d(n).
24
Let y(n) = -n**3 + 7*n**2 - 6*n + 13. Suppose -3045 = 54*b - 3369. Give y(b).
13
Let l(a) be the second derivative of -a**5/10 + 3*a**4/4 - 2*a**3/3 + 10*a**2 + 411*a + 5. Calculate l(4).
20
Let n = -292502 + 292503. Let r(b) be the first derivative of -5*b**2/2 - b - 1. What is r(n)?
-6
Let q(o) be the third derivative of -o**8/20160 - o**7/1680 - o**6/240 + o**5/60 + 7*o**3/6 - 109*o**2. Let c(s) be the third derivative of q(s). Give c(-3).
-3
Suppose -7 = -3*b - 1. Let o(c) = 2 - b - 5 - 2. Let r(p) = -p - 21. Let n(m) = 7*o(m) - 2*r(m). What is n(9)?
11
Let d(f) = -1246*f - 1256*f + 3738*f - 1250*f. Let m be 3 - (0 - -2 - 1). Let k be 1/m*(-2)/(-1). Determine d(k).
-14
Suppose -5*h - 1107 = -4*p - 1119, -12 = 4*h + 4*p. Let y(k) = k**3 + k**2 - 2*k - 40. Give y(h).
-40
Suppose 2*y - 5*d - 55 = 0, 4*y - 43 = d + 40. Let f(r) = -3*r + 19*r**2 - y*r**2 - r - 5 + 3. What is f(-6)?
-14
Let v(a) = -38*a + 30*a - 17 - a**2 + 3. Determine v(-8).
-14
Suppose 0*i = i - 4. Suppose 0 = -4*x + 2*k + i + 2, -x + 5*k = -24. Let g(r) = -1579*r + 786*r + 6*r**3 + 792*r. Determine g(x).
-5
Let d(m) = 4*m**2 - 4*m + 10. Let i be -1 + 16 + -77*(-25)/(-175). What is d(i)?
58
Let h(t) = t**2 + 6*t - 3. Suppose 719 = -54*q - 94*q - 169. Give h(q).
-3
Let o(g) = -9*g**2 - 3*g + 3. Let f(z) = -z**2 - z + 1. Let a(b) = 4*f(b) - o(b). Let w be -1*(3 + -4)*1*1. Calculate a(w).
5
Let u = 151 + -126. Suppose -u*p + 22*p + 3 = 0. Let i(q) = 25*q**3 + 1. What is i(p)?
26
Let p(y) = -2*y**2 + 3*y + 7. Let c(q) = 2*q**2 - 4*q - 8. Let g(i) = 3*c(i) + 4*p(i). Suppose 5*f - 358 = -3*m - 382, 0 = 3*f + 18. Calculate g(m).
-4
Let z(n) = -9. Let b(j) = -j - 55. Let p(d) = 3*b(d) - 21*z(d). What is p(12)?
-12
Let t(y) be the third derivative of -y**4/3 - 22*y**3/3 + 43*y**2 + 7*y. What is t(-5)?
-4
Let t be (1 + 4/16)*(-35 - -31). Let c(y) = -10*y - 45. Determine c(t).
5
Let s(c) = 6*c**2 + 0*c**2 + 9*c - 6*c - 2*c + 4. Let v(f) = -f**2 - 1. Let g(i) = s(i) + 5*v(i). Give g(1).
1
Let v(y) be the first derivative of 3/2*y**2 - 1/4*y**4 + 3*y - 58 - 2*y**3. Determine v(-7).
31
Let u(y) = 13*y**2 + 9*y - 21. Let r(a) = -6*a**2 - 4*a + 10. Let k(n) = 9*r(n) + 4*u(n). Let l(z) = -z**2 + z + 6. Let c(j) = 2*k(j) - 3*l(j). Calculate c(-2).
-4
Let g(h) = 6*h**3 - 3*h**3 + 0*h**3 - 2*h**3. Let k be ((-21 - -35) + -14)*1/(-3). Calculate g(k).
0
Let q(s) = -556 + 10*s**2 + 5*s + 1676 - 561 - 565. Give q(2).
44
Let m(b) = -30*b + 2 - 6 + b**2 + 26*b + 1. Suppose 2*u - 2*q + 3*q - 16 = 0, u - 13 = -3*q. Determine m(u).
18
Let m(w) be the third derivative of 5*w**4/24 + w**3 + 11049*w**2 - 1. Suppose 4*v = -2*j - 10, 2*v + 4*j = -2*v - 8. Determine m(v).
-9
Let y(j) = 4*j - 9. Suppose -1134 = -9*k - 66*k - 51*k. Determine y(k).
27
Suppose 99*z + 33 + 59 = 53*z. Let f(q) = 68*q + 5. Give f(z).
-131
Let a(u) be the first derivative of 0*u**2 + u**3 + 0*u - 13 - 1/8*u**4 + 1/360*u**6 - 1/120*u**5. Let s(n) be the third derivative of a(n). Determine s(5).
17
Let b(o) = 2*o**2 - 11*o - 58. Let c(d) = -d**3 + 26*d**2 - 21*d + 557. Let z be c(26). What is b(z)?
63
Let q(i) = 26 + 43 - i - 23 - 21. Give q(3).
22
Let s be (-224)/(-7) + -5 - -4. Let q(k) = -25*k - 1 - s*k - 35*k + 7*k**2 + 93*k. Give q(1).
8
Let f(x) be the second derivative of -1/2*x**3 - 2*x**2 + 0 - 45*x. What is f(-3)?
5
Let o(w) = 5*w**2 + 1643 + 0*w**2 - 1646 + 4*w - 3*w**2. Calculate o(2).
13
Suppose 0 = o - 58 + 60, -4*l - 76 = 4*o. Let c(p) = -p**2 - 20*p - 47. Calculate c(l).
4
Let k(y) = -3*y**3. Let m be k(-1). Let s = -747 - -749. Let g(l) = -2 - l - s*l + 1 + 6*l**2 - 13*l**2 + 8*l**2. Determine g(m).
-1
Let p(m) = m**2 + 8*m + 8. Let a be 2 - (1 + -1 + -81 - 1). Suppose -2*h + a = h. Suppose -4*s - h = -0*s. Determine p(s).
1
Let v(r) = -74 - 267*r + 94*r + 68*r + 101*r. Calculate v(-21).
10
Let u(f) = f**2 + f + 53. Let m(t) = t**2 + 2*t + 125. Let d(v) = 3*m(v) - 7*u(v). Give d(-2).
-10
Let d(k) = 15*k - 1. Let n(y) = 103*y - 53. Let g(p) = 7*d(p) - n(p). Give g(-25).
-4
Let q(u) = -u**3 + u + 1. Let o(s) = 8*s**3 + 9*s + 9. Let z(d) = o(d) - 8*q(d). Let m be (1 - 1)/(-1) - 1. Determine z(m).
-16
Suppose -31 = -5*v + 4*j, -3*j + 0*j + 24 = 3*v. Let u(t) = 6*t**2 - 46*t + 26. Calculate u(v).
-2
Let y(p) = 3*p**3 + 2*p**2 - 2*p + 1. Let z(c) = -5*c + 22496*c**2 - 22494*c**2 - 17 - 4*c. Let n be 51/9 + (-2)/(-6). Let t be z(n). Calculate y(t).
4
Let i = -22 - -7. Let j = 21 + i. Let q(m) = m - 2. Let h(d) = 1. Let p(y) = -3*h(y) - q(y). What is p(j)?
-7
Let n(f) = 12*f**2 + 85*f + 10. Let g = -5015 + 5008. Determine n(g).
3
Let o(n) = -17*n**2 + 10*n - 13. Let r(l) = -2*l - 2. Let w(v) = -8*v**2 - 3*v - 14. Let j(x) = 4*r(x) - w(x). Let q(a) = 13*j(a) + 6*o(a). What is q(4)?
12
Let l(p) = p**3 + 5*p**2 + 2*p. Suppose -k - z - 2 = 0, -2*k - z - 7 = -6*k. Let u(i) = -2. Let r(q) = k*u(q) + l(q). Give r(-3).
10
Let n be ((-2)/(-12))/(42/(-112)*14/(-63)). Let i(j) be the third derivative of -1/6*j**3 + 11/60*j**5 + 1/24*j**4 + 0 - 8*j**n - j. Determine i(1).
11
Let l(h) = 3813621 - 15*h - 3813619 + h**3 + 39*h - 26*h**2. What is l(25)?
-23
Let x(y) = -y**2 + 68*y - 823. Let v be x(16). Let l(d) = -3*d + 17. Give l(v).
-10
Let d be -4 - (-1 + 0)*-4. Let r be (-1)/(1/(-4)) - d. Let i(x) = 30 - 7*x + x**2 - r - 14. Determine i(3).
-8
Suppose 4*k + 1 = 17. Let b(a) = -a**3 + 6*a**2 - 8*a + 10. Let d be b(k). Let v(g) = d*g + 0*g + 16 - 9*g. Give v(0).
16
Let p(j) = j**3 + 4*j**2 + 2*j + 1. Let v = 58 - 27. Let y = v - 34. Let w be 6/(3*y/6). Calculate p(w).
-7
Suppose 5 - 30 = -5*n. Let b(a) = -n*a - 21 + 7*a**2 - a**3 - 11 + 34. Calculate b(7).
-33
Let i(w) be the second derivative of -w**3/6 + 5*w**2 - w + 640. Let o(y) = -2*y + 1. Let p be o(-3). What is i(p)?
3
Suppose -t + 22 = -89. Let p = t - 108. Let k(x) = -3 + p + 14*x - 1 - 15*x. Determine k(-1).
0
Let p(j) = -204*j + 677. Let c be p(-7). Let a(s) = c - 2105 - s. Let t = -3 + -1. Calculate a(t).
4
Suppose -5*c + 182 = -x + 5*x, c = 2. Let g = x - 39. Suppose g = -6*a + 10. Let q(n) = -10*n + 1. What is q(a)?
-9
Let h(g) = -13*g - 3. Let x(n) = 164*n - 821. Let q be x(5). Determine h(q).
10
Let g(d) = -d**3 + 7*d**2 - 7*d + 2. Suppose 4*b + 6*b = -110. Let z(x) = 4*x + 49. Let w be z(b). What is g(w)?
17
Let l(t) = -t**2 + 3*t + 4. Let q(n) = n**3 - 4*n**2 + 9*n - 7. Let v be q(3). Let h be (-126)/(-33) - (-2)/v. What is l(h)?
0
Let z(s) = -36*s - 31. Let o be (-9)/(18/(-26)) - 14. Determine z(o).
5
Suppose -2*o + 58 = -38. Suppose 0 = -0*w - 24*w - o. Let h(a) = 12*a - 18*a + 7*a - 2*a**2 - 2*a**3 + 1 - a**3. What is h(w)?
15
Let g(m) be the first derivative of m**4/2 - 20*m**3/3 - m**2 + 7*m - 12659. Calculate g(10).
-13
Let r(v) be the first derivative of 7/3*v**3 + 177 + 3/2*v**2 + 5*v + 1/4*v**4. What is r(-7)?
-16
Let v(h) = 14*h + 47. Let r(g) = -826*g - 2772. Let k(s) = -2*r(s) - 119*v(s). Calculate k(-4).
7
Let z(i) be the third derivative of -i**4/8 - 31*i**3/6 - 651*i**2. Calculate z(-11).
2
Suppose 4*z - 255 = 3*m, 2*z - 2*m - 192 = -z. Suppose -3*x = -14*x - z. Let a(u) = 3*u**2 - 4*u**2 - 7*u - 3 + 0*u**2. Determine a(x).
3
Let k(q) be the first derivative of -q**3/3 - 3*q**2/2 + q + 615. Let n = -18 + 14. What is k(n)?
-3
Let l = 26685 + -26691. Let c(o) = 4*o**2 + o - 6. Let d(i) = 7*i**2 + 2*i - 11. Let x(m) = -5*c(m) + 3*d(m). Determine x(l).
27
Let s(z) = z - 3*z - 3*z - 6*z - 11 - z**2 + 3*z. Calculate s(-9).
-20
Suppose 0 = -183*w + 233*w + 500. Let a(m) = -m**3 - 9*m**2 + 12*m + 12. Give a(w).
-8
Let t(k) = -19*k + 485. Let d(g) = 3*g - 77. Let v(y) = 13*d(y) + 2*t(y). Suppose 0*w - 4*w = 0. Determine v(w).
-31
Let j(o) = 3*o**3 - 6*o**2 + 8*o - 14. Let y(m) = m**3 + m**2 - m - 6. Let f(t) = -j(t) + 2*y(t). Determine f(7).
-19
Let v(c) = -2*c**2 + 3*c + 15. Let m be v(-5). Let p = 48 + m. Let b(l) = -l**2 + 6*l + 3. Let q(g) = -5*g - 2. Let y(x) = -2*b(x) - 3*q(x). Determine y(p).
2
Let k be (-200)/(-160) + (-29)/4. Let l be ((-75)/(-9) - 2) + 2/k. Let t(r) = r**2 - 9*r + 3. Determine t(l).
-15
Let q(v) = 4*v**3 - v**2 + 5*v - 4. Let a(x) be the first derivative of -5*x**4/4 - x**3/3 - 5*x**2/2 + 4*x - 85. Let y(g) = 3*a(g) + 4*q(g). Calculate y(6).
-10
Let m(t) = 215 - 446 + 225 - 8*t -